?
2, 5, 16234451
List the prime factors of 893176214.
2, 7, 1531, 5953
List the prime factors of 706787217.
3, 23, 29, 281, 419
List the prime factors of 12942278.
2, 6471139
What are the prime factors of 548968778?
2, 37, 7418497
List the prime factors of 40603365.
3, 5, 11, 7457
What are the prime factors of 1345173393?
3, 967, 463693
List the prime factors of 733241069.
11, 71, 149, 6301
What are the prime factors of 423555314?
2, 7, 13, 332461
What are the prime factors of 257575182?
2, 3, 42929197
List the prime factors of 58539271.
7, 1194679
List the prime factors of 815964256.
2, 37, 53, 13003
What are the prime factors of 258909109?
258909109
What are the prime factors of 3053259367?
3053259367
List the prime factors of 9088600902.
2, 3, 139, 10897603
List the prime factors of 238275882.
2, 3, 13, 61, 16693
List the prime factors of 83105384.
2, 17, 611069
List the prime factors of 1803948670.
2, 5, 11197, 16111
List the prime factors of 1041269140.
2, 5, 52063457
List the prime factors of 355572005.
5, 307, 231643
List the prime factors of 121388833.
2111, 57503
List the prime factors of 1499390846.
2, 749695423
List the prime factors of 266498727.
3, 11, 8075719
What are the prime factors of 24572123?
17, 1445419
What are the prime factors of 175136567?
17, 457, 22543
What are the prime factors of 2917069312?
2, 41, 79, 1759
What are the prime factors of 7375270?
2, 5, 7, 105361
What are the prime factors of 143988442?
2, 13, 113, 49009
What are the prime factors of 357296773?
47, 7602059
What are the prime factors of 581887600?
2, 5, 7, 71, 2927
List the prime factors of 74761121.
17, 15217
List the prime factors of 703939649.
7, 29, 571, 6073
List the prime factors of 192055120.
2, 5, 17, 283, 499
What are the prime factors of 6438526106?
2, 3219263053
What are the prime factors of 20755429?
19, 1092391
List the prime factors of 63466828.
2, 787, 20161
List the prime factors of 94543702.
2, 11, 107, 40163
List the prime factors of 33698096.
2, 19, 110849
What are the prime factors of 2446688357?
4787, 511111
List the prime factors of 473809570.
2, 5, 13, 61, 149, 401
What are the prime factors of 86934705?
3, 5, 11, 13, 40529
What are the prime factors of 39806251?
157, 253543
What are the prime factors of 568826080?
2, 5, 59, 60257
List the prime factors of 485470253.
683, 710791
What are the prime factors of 1135393?
7, 61, 2659
What are the prime factors of 721884112?
2, 3389, 13313
What are the prime factors of 40931423?
13, 53, 59407
What are the prime factors of 6645544852?
2, 11987, 138599
What are the prime factors of 608115203?
151, 769, 5237
What are the prime factors of 860573332?
2, 4691, 45863
What are the prime factors of 588526230?
2, 3, 5, 17, 1153973
List the prime factors of 6098227354.
2, 4513, 675629
What are the prime factors of 74381267?
74381267
What are the prime factors of 1502367939?
3, 29, 1918733
List the prime factors of 176356698.
2, 3, 7, 149, 28181
What are the prime factors of 2758890740?
2, 5, 59, 2338043
List the prime factors of 17395088.
2, 59, 18427
What are the prime factors of 24170680?
2, 5, 593, 1019
List the prime factors of 393880797.
3, 181, 241793
What are the prime factors of 870218656?
2, 367, 74099
List the prime factors of 1446964223.
199, 7271177
What are the prime factors of 171649232?
2, 31, 271, 1277
What are the prime factors of 97113393?
3, 13, 43, 97, 199
What are the prime factors of 44586059?
7, 61, 104417
What are the prime factors of 101147032?
2, 7, 19, 95063
What are the prime factors of 855257455?
5, 13, 641, 1579
List the prime factors of 286530585.
3, 5, 11, 29, 233, 257
What are the prime factors of 2647357309?
227, 11662367
List the prime factors of 111986641.
13, 8614357
List the prime factors of 364973835.
3, 5, 3319, 7331
What are the prime factors of 2393472728?
2, 89, 107, 353
List the prime factors of 140989496.
2, 3517, 5011
List the prime factors of 519276255.
3, 5, 269, 128693
List the prime factors of 1845925689.
3, 14407, 42709
What are the prime factors of 176963033?
13, 977, 13933
What are the prime factors of 518358613?
23, 41, 549691
List the prime factors of 99241699.
17, 563, 10369
What are the prime factors of 3144884109?
3, 127, 2539, 3251
List the prime factors of 4661745368.
2, 7, 83245453
What are the prime factors of 118370393?
47, 929, 2711
List the prime factors of 1299225628.
2, 199, 1632193
What are the prime factors of 108964324?
2, 7, 139, 27997
What are the prime factors of 53661605?
5, 17, 19, 149, 223
List the prime factors of 53496536.
2, 1129, 5923
What are the prime factors of 1087904243?
1087904243
List the prime factors of 190548682.
2, 17, 19, 17351
What are the prime factors of 3338597144?
2, 17681, 23603
List the prime factors of 11033250.
2, 3, 5, 47, 313
List the prime factors of 53329881.
3, 11, 1616057
What are the prime factors of 275958010?
2, 5, 263, 317, 331
What are the prime factors of 4299641476?
2, 13, 103, 241, 3331
List the prime factors of 7411614936.
2, 3, 11, 41, 5659
List the prime factors of 28166953.
37, 809, 941
List the prime factors of 121700704.
2, 29, 131143
What are the prime factors of 46499930?
2, 5, 17, 523
List the prime factors of 102074765.
5, 13, 1570381
List the prime factors of 11212958.
2, 107, 151, 347
What are the prime factors of 52225519?
52225519
List the prime factors of 21761851.
131, 283, 587
What are the prime factors of 6860145098?
2, 47, 89, 383, 2141
List the prime factors of 23252361.
3, 11, 704617
List the prime factors of 447138212.
2, 2539, 44027
What are the prime factors of 20118803?
17, 349, 3391
List the prime factors of 307016089.
307016089
List the prime factors of 5880617417.
89, 1721, 38393
List the prime factors of 336126582.
2, 3, 11, 127, 13367
What are the prime factors of 93218847?
3, 29, 661, 1621
List the prime factors of 1325346239.
7, 189335177
List the prime factors of 73463805.
3, 5, 593, 2753
What are the prime factors of 307825080?
2, 3, 5, 19, 79, 1709
List the prime factors of 52320452.
2, 19, 1907
List the prime factors of 1891883321.
59, 32065819
What are the prime factors of 133970776?
2, 127, 131861
What are the prime factors of 1777111917?
3, 7, 449, 188473
What are the prime factors of 1988411182?
2, 994205591
What are the prime factors of 818966559?
3, 272988853
What are the prime factors of 35395457?
29, 59, 137, 151
What are the prime factors of 147185017?
7, 21026431
What are the prime factors of 264287740?
2, 5, 73, 181019
What are the prime factors of 5451004386?
2, 3, 302833577
What are the prime factors of 370564907?
370564907
What are the prime factors of 520490415?
3, 5, 103, 336887
What are the prime factors of 598679225?
5, 17, 571, 2467
List the prime factors of 249576015.
3, 5, 13, 1279877
List the prime factors of 1390079604.
2, 3, 115839967
What are the prime factors of 334957800?
2, 3, 5, 17, 32839
List the prime factors of 201254173.
201254173
What are the prime factors of 68959898?
2, 7, 4925707
List the prime factors of 49659301.
49659301
List the prime factors of 2087969819.
13, 12354851
List the prime factors of 43312308.
2, 3, 13, 277643
List the prime factors of 23515606.
2, 11757803
What are the prime factors of 328485285?
3, 5, 7299673
What are the prime factors of 74028674?
2, 19, 23, 84701
What are the prime factors of 917215526?
2, 458607763
What are the prime factors of 19174289?
337, 56897
List the prime factors of 88238657.
13, 6787589
What are the prime factors of 4631359704?
2, 3, 192973321
List the prime factors of 2980639054.
2, 59, 307, 82279
What are the prime factors of 328501707?
3, 109500569
List the prime factors of 3201873491.
433, 7394627
What are the prime factors of 6080433599?
19, 137, 2335933
List the prime factors of 1941035977.
89, 21809393
List the prime factors of 37918011.
3, 1669, 7573
What are the prime factors of 67775803?
67775803
What are the prime factors of 56210600?
2, 5, 281053
List the prime factors of 932043987.
3, 7, 14794349
What are the prime factors of 346002296?
2, 43250287
What are the prime factors of 984140272?
2, 97, 127, 4993
What are the prime factors of 220730233?
10267, 21499
List the prime factors of 281535429.
3, 7, 273601
List the prime factors of 21816002.
2, 1